omposite number?
True
Is 76397 a prime number?
False
Is 3083 prime?
True
Is 526213 a composite number?
False
Is 45145 a composite number?
True
Is 17651 composite?
True
Is 115273 a composite number?
True
Is 72857 a prime number?
False
Is 8740541 a prime number?
True
Is 1073921 prime?
True
Is 27949 a prime number?
False
Is 334886 a prime number?
False
Is 50741 prime?
True
Is 2149087 a composite number?
False
Is 5293 composite?
True
Is 61627 a composite number?
False
Is 806893 a prime number?
True
Is 139609 a prime number?
True
Is 2897 a prime number?
True
Is 2890747 a prime number?
False
Is 49297 a composite number?
False
Is 138473 prime?
False
Is 14279 composite?
True
Is 8603 composite?
True
Is 7043 composite?
False
Is 45463 a composite number?
True
Is 6779 a composite number?
False
Is 1390331 a composite number?
False
Is 187 composite?
True
Is 11463 a composite number?
True
Is 65167 prime?
True
Is 995117 prime?
True
Is 2906465 a composite number?
True
Is 166142 prime?
False
Is 23801 a prime number?
True
Is 7419 composite?
True
Is 215665 a prime number?
False
Is 185947 composite?
False
Is 1987 composite?
False
Is 128543 prime?
False
Is 66835 a prime number?
False
Is 14165 a composite number?
True
Is 893567 a prime number?
True
Is 50411 a prime number?
True
Is 317 prime?
True
Is 306213 prime?
False
Is 263881 a composite number?
False
Is 13163 a composite number?
False
Is 4201 prime?
True
Is 165161 a composite number?
False
Is 1579 composite?
False
Is 448267 composite?
True
Is 24987 a prime number?
False
Is 79801 a prime number?
True
Is 274713 a prime number?
False
Is 7671 a composite number?
True
Is 173491 a composite number?
False
Is 378517 composite?
True
Is 56195 a composite number?
True
Is 801291 prime?
False
Is 6259 composite?
True
Is 391613 composite?
False
Is 97663 a composite number?
True
Is 133949 a prime number?
True
Is 173891 a composite number?
False
Is 2051 composite?
True
Is 2309 a prime number?
True
Is 271831 prime?
False
Is 46481 composite?
True
Is 38393 a composite number?
False
Is 77929 a prime number?
True
Is 324557 composite?
False
Is 63439 a prime number?
True
Is 30547 prime?
False
Is 45361 prime?
True
Is 21541 a composite number?
True
Is 19945 composite?
True
Is 80133 a prime number?
False
Is 4111 a composite number?
False
Is 59131 composite?
True
Is 57895 a prime number?
False
Is 209159 composite?
False
Is 80377 a composite number?
True
Is 4507 composite?
False
Is 1171 composite?
False
Is 14349 a prime number?
False
Is 32347 a composite number?
True
Is 1468427 a composite number?
False
Is 609947 a prime number?
False
Is 57919 composite?
True
Is 38069 a composite number?
False
Is 16423 a prime number?
False
Is 10123 a prime number?
False
Is 2551 a composite number?
False
Is 45581 prime?
False
Is 1967 a composite number?
True
Is 2111 a composite number?
False
Is 281389 a composite number?
True
Is 1363 composite?
True
Is 2743 prime?
False
Is 29441 a prime number?
False
Is 406933 composite?
True
Is 63887 composite?
True
Is 631 a prime number?
True
Is 269797 composite?
True
Is 144537 a prime number?
False
Is 1177 prime?
False
Is 3761 prime?
True
Is 14849 a prime number?
False
Is 100579 composite?
True
Is 5893 a prime number?
False
Is 253133 a prime number?
True
Is 1008773 composite?
False
Is 70157 composite?
False
Is 508237 a composite number?
False
Is 517618 a prime number?
False
Is 3433 composite?
False
Is 1501 a prime number?
False
Is 26155 prime?
False
Is 168803 a prime number?
True
Is 7283 composite?
False
Is 613831 prime?
False
Is 3779 a composite number?
False
Is 22901 composite?
False
Is 58021 prime?
False
Is 20873 a composite number?
False
Is 21467 prime?
True
Is 212777 composite?
False
Is 5519 a prime number?
True
Is 491 composite?
False
Is 15701 prime?
False
Is 260849 composite?
False
Is 1048431 prime?
False
Is 161179 composite?
True
Is 1630091 a prime number?
True
Is 134417 composite?
False
Is 4583 a prime number?
True
Is 389393 a prime number?
False
Is 9113 a prime number?
False
Is 267967 prime?
False
Is 4269 composite?
True
Is 125383 a composite number?
False
Is 4109 prime?
False
Is 28807 a prime number?
True
Is 113613 a composite number?
True
Is 27229 a composite number?
True
Is 30539 composite?
False
Is 8603 composite?
True
Is 241771 a composite number?
False
Is 34849 a prime number?
True
Is 38039 a prime number?
True
Is 1893 prime?
False
Is 667007 prime?
False
Is 381607 composite?
False
Is 84833 a composite number?
True
Is 167667 prime?
False
Is 15601 prime?
True
Is 73121 a composite number?
False
Is 7121 a prime number?
True
Is 639317 a composite number?
True
Is 1470659 a composite number?
False
Is 59523 prime?
False
Is 9469 prime?
False
Is 8521 a composite number?
False
Is 3529621 composite?
False
Is 842729 prime?
True
Is 201543 a composite number?
True
Is 33443 prime?
False
Is 6911 prime?
True
Is 125707 composite?
False
Is 12227 a prime number?
True
Is 6814 a prime number?
False
Is 147629 prime?
True
Is 38621 a prime number?
False
Is 31363 a prime number?
False
Is 16759 prime?
True
Is 740393 prime?
False
Is 214163 a composite number?
False
Is 63151 prime?
False
Is 4547 a prime number?
True
Is 1148177 a composite number?
False
Is 478027 prime?
False
Is 9781 a prime number?
True
Is 120157 prime?
True
Is 28829 composite?
True
Is 11633 a composite number?
False
Is 31573 a composite number?
False
Is 5928935 composite?
True
Is 633161 a composite number?
False
Is 76031 a composite number?
False
Is 25741 composite?
False
Is 2937779 prime?
False
Is 288367 prime?
False
Is 28127 composite?
True
Is 338119 prime?
True
Is 4111 a prime number?
True
Is 5779 a composite number?
False
Is 31877 a prime number?
False
Is 24131 prime?
False
Is 26473 prime?
False
Is 326797 a prime number?
False
Is 80633 a prime number?
False
Is 5701 composite?
False
Is 38747 a prime number?
True
Is 4547 a composite number?
False
Is 72389 a prime number?
False
Is 36557 prime?
False
Is 414985 a prime number?
False
Is 142589 a prime number?
True
Is 9521 a prime number?
True
Is 740719 a prime number?
False
Is 12841 prime?
True
Is 202295 a prime number?
False
Is 2609279 a composite number?
True
Is 340957 a prime number?
True
Is 45143 a prime number?
False
Is 7018829 a prime number?
True
Is 450491 composite?
True
Is 30983 a composite number?
False
Is 26651 a composite number?
True
Is 48731 a prime number?
True
Is 124079 a prime number?
False
Is 10817 a prime number?
False
Is 138887 a composite number?
True
Is 333253 a prime number?
True
Is 3377 a composite number?
True
Is 12047 a composite number?
True
Is 24127 prime?
False
Is 753839 a composite number?
False
Is 74387 a prime number?
False
Is 2823377 a prime number?
False
Is 141847 composite?
True
Is 9547 a composite number?
False
Is 15103 a prime number?
False
Is 321397 a prime number?
True
Is 67391 prime?
True
Is 42857 a prime number?
False
Is 1651 composite?
True
Is 12473 a composite number?
False
Is 54121 composite?
False
Is 182953 a composite number?
False
Is 87729 composite?
True
Is 330829 a prime number?
False
Is 891967 prime?
True
Is 896591 prime?
False
Is 74603 a prime number?
False
Is 325891 a prime number?
True
Is 22367 composite?
False
Is 4513 composite?
False
Is 520241 composite?
False
Is 163454 prime?
False
Is 25847 composite?
False
Is 489 composite?
True
Is 508519 a prime number?
False
Is 90353 prime?
True
Is 597743 a composite number?
True
Is 1585 composite?
True
Is 1867859 a composite number?
True
Is 35831 a composite number?
False
Is 931363 prime?
True
Is 166 a prime number?
False
Is 139021 a composite number?
False
Is 156551 a composite number?
True
Is 89619 a prime number?
False
Is 2366053 composite?
False
Is 69313 a prime number?
True
Is 1543197 a prime number?
False
Is 13519 a composite number?
True
Is 7781 a prime number?
False
Is 4751 a prime number?
True
Is 667 a composite number?
True
Is 919 composite?
False
Is 7919 a composite number?
False
Is 11293 prime?
False
Is 514 a composite number?
True
Is 42197 prime?
True
Is 92623 a prime number?
True
Is 30035 a prime number?
False
Is 629933 a prime number?
False
Is 556685 prime?
False
Is 118669 composite?
False
Is 42505 composite?
True
Is 432023 prime?
True
Is 122761 a prime number?
True
Is 464943 prime?
False
Is 11873 a composi